11*j + s. Let y(h) = -6*h - 32. Let o be y(j). What is w(o)?
18
Let x(g) = -8280*g**2 + 167*g - 171*g + 8292*g**2 + 3. Determine x(1).
11
Let s = -103 - -107. Suppose 2*a = s, 7*b = 2*b - a - 3. Let t(u) be the second derivative of -2*u**3/3 - u**2/2 + 26*u. What is t(b)?
3
Let l = -10719 + 10730. Let v(z) be the first derivative of z**2 - 9*z + 2. Calculate v(l).
13
Suppose 4*x - 29 = -3*u, 0 = 3*u + 12*x - 11*x - 14. Let l(w) be the second derivative of w**3/6 + 7*w**2/2 - 2*w + 27. Calculate l(u).
10
Let z(h) = -h**3 + 8*h**2 - 7*h + 5. Let l be z(7). Let g = 1 + 6. Let j(f) = -4*f**2 - 5 - f**3 - g - 4 + l*f + 15. Give j(-5).
-1
Suppose 3*w - 150 - 16 = -d, -w + 4*d + 38 = 0. Let t be 24/9*w/(-24). Let a(i) = i**3 + 7*i**2 + 3*i - 8. What is a(t)?
10
Let s(j) = -12*j**2 + 19*j + 35. Let v(w) = 16*w**2 - 20*w - 38. Let y(u) = -3*s(u) - 2*v(u). Give y(6).
13
Let w(d) = -d**2 - 9*d - 6. Let n = 280 - 289. Let b be 77/(n + 2) + 6. Determine w(b).
14
Let z = -5257 + 5256. Let w(a) = 11*a**2 + 22*a + 23. Calculate w(z).
12
Let s(w) be the third derivative of -w**4/24 - w**3/3 - 3*w**2 - 6. Let x(k) = k**3 + 5*k**2 + k + 5. Let r be x(-5). Let n be r/6 - (8 + 2). Determine s(n).
8
Let u(v) = v**3 + v**2 + v + 1. Let m(a) = 3*a**3 - 3*a**2 + 3*a + 2. Let j(l) = -m(l) + u(l). Suppose -5*x = -3*i - 4, -5*i - 5*x = -6*i - 8. Give j(i).
-5
Let c = 9306 - 9298. Let t(l) = 2*l**2 - 9*l + 5. Determine t(c).
61
Let l(r) be the third derivative of r**6/120 + r**5/15 - 5*r**4/24 + r**3/3 + r**2. Suppose 18*t - 30*t + 75 = -27*t. Give l(t).
2
Let l(x) = x. Let t = -49 - -4. Let v = -48 - t. Let h(m) = 3*m - 1. Let o(z) = v*h(z) + 8*l(z). Calculate o(0).
3
Let i(m) = 10*m - 286. Let c(a) = 31*a - 769. Let n(p) = 3*c(p) - 8*i(p). Give n(3).
20
Let w(n) = -46 + 24 - 8*n + 15 + 48. Give w(4).
9
Let s(z) be the first derivative of z**4/2 + 4*z**3/3 - z**2 + 3*z + 56. Let y(l) = -l**3 - 5*l**2 + 2*l - 3. Let g(v) = -2*s(v) - 3*y(v). Give g(7).
-11
Let s(h) = -h**2 + h + 1. Let i = 23 - 20. Suppose 0*y + y + 13 = 3*m, -m + y = -i. Suppose -m*p = -1 - 14. What is s(p)?
-5
Let p(h) = 2*h**2 + 31*h + 117. Let y(g) = 8*g**2 - 389*g + 233. Let j be y(48). Calculate p(j).
-2
Let v(p) = -2*p**3 + p**2 - 6*p - 1. Let n = -64 + 72. Let o be (3/2 - 0)/(n/16). Let s(k) = k**3 - k**2 + 5*k + 2. Let y(g) = o*s(g) + 2*v(g). Give y(-3).
13
Let w(q) = -q**2 + 40*q + 88. Suppose 4*r = 7*r - 4*x - 141, 0 = 5*x + 15. What is w(r)?
-41
Let a(f) be the second derivative of -f**3/3 + 6*f**2 + 2*f + 221. What is a(9)?
-6
Let s(r) = 17*r**2 + 478*r + 52. Let h be s(-28). Let m(z) = 2*z**2 + 4*z + 24. What is m(h)?
40
Let t(p) be the first derivative of p**4/4 - 2*p**3 - 2*p**2 - 2*p + 343. Suppose 0*d = 3*d - 21. Determine t(d).
19
Let c(l) = 3340 - 3*l + 2*l - 3320. Determine c(0).
20
Let j(s) = s**3 + 10*s**2 - 3*s - 2. Suppose 1521 = -115*q + 371. What is j(q)?
28
Let c(w) = -3*w - 7*w + 4*w. Let y(m) = -3*m**2 + 936*m + 5719. Let z be y(-6). Give c(z).
30
Let a(j) = 11*j**2 - 429*j + 416. Let h be a(38). Let x(c) = 9*c + 11. Let s(m) = 5*m + 6. Let r(o) = -5*s(o) + 3*x(o). What is r(h)?
-1
Let h(i) = 4*i**2. Let r be h(-1). Let w(n) = 2*n - 3 - 3*n + n**3 + r*n. Suppose 0 = -3*y - 6, 3*o - 4*y - 6 - 8 = 0. Determine w(o).
11
Let g(u) = u**2 + 3*u - 2. Suppose -10 = -4*j + j + 4*a, 0 = 3*a - 6. Suppose 4*o + 2*y = -30, 0*y + 3*y + 27 = -4*o. Let r = j + o. Give g(r).
-2
Let l be (9/12)/(21/(-252)). Let n(i) = -9*i - 2. Let b(h) = -20*h - 5. Let x(g) = -4*b(g) + 9*n(g). Determine x(l).
11
Let u(g) = 2*g**2 + 10*g + 8. Let q be (-77)/(3080/80)*3/((-6)/(-4)). Determine u(q).
0
Suppose 0 = 78*x + 113*x + 573. Let i(z) = -z**3 - 4*z**2 - 4*z. Determine i(x).
3
Let y(z) = z**3 - 80*z**2 - 82*z + 85. Let d be y(81). Let k(p) = -p**2 + p + 2. Calculate k(d).
-10
Let p(y) = -y**3 + 7*y**2 - 2*y + 16. Let c be p(7). Let d(z) = 112 - z - 199 + z - c*z + 122. Determine d(17).
1
Suppose -3*l + 0*l - l + 12 = 0. Let v(j) = -6*j**2 + 13*j - 1. Give v(l).
-16
Let w(u) be the first derivative of -1/2*u**4 - 7/2*u**2 - 162 + 5*u**3 + 3*u. What is w(7)?
3
Let d = -83689 - -83688. Let q(s) = 0 + 1 + 2*s + 0*s. What is q(d)?
-1
Let f(a) = -a**3 + 3*a**2 + 8*a - 1. Let m be 144/(-12) - 323/(-19). What is f(m)?
-11
Let v = 17 - 15. Suppose 16 = 3*m + 2*z, 0*m - 9 = -v*m - 3*z. Let j(k) be the second derivative of k**5/20 - k**4/2 - k**2/2 + 12*k - 4. Calculate j(m).
-1
Let z(m) = 17*m. Let s(k) = 49*k + 1. Let f = 40 + -46. Let t(n) = f*s(n) + 17*z(n). Determine t(-2).
4
Let s(l) be the second derivative of -l**3/6 - 3*l**2/2 - 32*l + 3. Let b(c) = 12*c + 69. Let j be b(-6). Give s(j).
0
Let i be 180/(-50) - (-4)/(-10). Let q(u) = 8*u - 17. Let j(m) = 2*m - 4. Let y(s) = -18*j(s) + 4*q(s). What is y(i)?
20
Let i be -4 + (-732)/(-84) + 2/7. Let w(p) be the second derivative of -5*p**3/6 - 2*p**2 + 19*p. Determine w(i).
-29
Let z be 11 + 21 + 10 + -39. Let i(y) be the third derivative of 0 + 1/60*y**5 - 13/6*y**z + 11/24*y**4 + 41*y**2 + 0*y. What is i(-12)?
-1
Let n(b) = 29*b**3 - 37*b**2 - 72*b - 182. Let x(q) = -7*q**3 + 9*q**2 + 18*q + 43. Let c(o) = -6*n(o) - 25*x(o). What is c(6)?
17
Let p(c) = -5 + 2 + 2. Suppose 5*f - 7 = y, -2 = -4*f - 3*y + 2*y. Let k(t) = t + 3. Let n(l) = f*k(l) + 3*p(l). What is n(5)?
5
Let j(o) = -49*o + 22. Let m(r) = -23*r + 10. Let u(f) = 6*j(f) - 13*m(f). Give u(-2).
-8
Let g(o) = 17*o**2. Let y be 20/25*5 - 6. Let s(f) = -f**3 - 2*f**2 - 2*f. Let q be s(y). Suppose 2 = -q*b + 6. Determine g(b).
17
Let z(p) = -p**2 + 2*p + 2. Let g(v) = 4*v**2 + 11*v - 68. Let l(a) = -g(a) - 5*z(a). Let o be l(17). Let h(m) = -m**3 - 10*m**2 + m + 8. Determine h(o).
-2
Let s(i) be the first derivative of 5*i**2/2 + 7*i - 5. Suppose -325 = 126*k - 56 + 109. Give s(k).
-8
Let o(c) = -17*c**2 + 162*c - 176. Let s(m) = -5*m**2 + 48*m - 53. Let a(g) = -8*o(g) + 27*s(g). Determine a(-5).
2
Let z = -15/1124 + 5073/1124. Let d(y) be the second derivative of 1/3*y**3 + 0 + z*y**2 + 38*y. Determine d(-6).
-3
Let s be (-40)/(-7) + 8/28. Let l(w) be the first derivative of w**2/2 + w - 1285. Determine l(s).
7
Let x(w) = -8*w**2 + 3*w - 21. Let m = 257 - 268. Let t(i) = -3*i**2 + i - 7. Let r(d) = m*t(d) + 4*x(d). What is r(6)?
35
Let l be (-212)/477 - 41/9. Let w(m) = -2*m**2 - 12*m - 7. What is w(l)?
3
Let i(p) = 4. Let t(d) = 2*d + 16. Let m(s) = 2*i(s) - t(s). Give m(-7).
6
Let a(r) = 2*r**3 - 54*r**2 - 3*r + 91. Suppose -5*i - 3*w = -132, 11*i + 111 = 15*i - 3*w. Let g be a(i). Let o(f) = -f + 12. Determine o(g).
2
Let a(y) = -y**2 - 9*y - 14. Suppose 5*i + 20 = -5*f, -2*i + 5*f = 60 - 3. Determine a(i).
-36
Let k(c) = 6*c**2 + c. Let v(l) = -3*l**2 + 30*l - 30. Let t(z) = -z**2. Let g(o) = -4*t(o) + v(o). Let s be g(-31). Give k(s).
7
Suppose 0 = -4*v - 2*v - 90. Let c = v - -19. Let g(y) = -y**2 + 4*y + 5. Give g(c).
5
Let b(t) = -t**2 + t + 17. Suppose 17 = 6*f - 1. Suppose 0 = -4*p - k + 16, -p + k - 13 = -3*k. Suppose -f*i + p*i = -4*i. Determine b(i).
17
Let b(r) = 0 + 0 - r + r**2 - r**3. Suppose 635*a + 178*a - 877 + 64 = 0. Determine b(a).
-1
Let z(d) = -d - 18. Let v(a) = 2*a**3 - 75*a**2 + 111*a - 130. Let k be v(36). Calculate z(k).
4
Let r = -482 + 468. Let g be ((-21)/r + -3)*(-10)/(-5). Let u(b) = -2*b**3 - 3*b**2 - 4*b + 1. What is u(g)?
40
Let k(r) = -r**2 - 2*r - 4. Let v(y) = -26*y + 215. Let d be v(28). Let m = d + 510. What is k(m)?
-7
Let d(o) be the first derivative of o**2/2 + o - 237. Let c be -9 + (22 - 0) - 7. Determine d(c).
7
Let b(m) = -m**2 + 8*m + 35. Let y be b(10). Suppose 0 = 3*z + w + 7, 2*z + z - 3*w = -y. Let c(n) = 4*n + 7. What is c(z)?
-5
Let g(h) = -h**2 - 22*h - 63. Let u be g(-16). Let q(w) = -62*w**2 + u*w**2 - 7*w + 30*w**2. Determine q(6).
-6
Let b(z) = z**2 - 5*z - 2. Let s(i) = i**3 + 14*i**2 - 2*i - 24. Suppose -1 = -d + 8. Suppose -d*v - 126 = -0*v. Let y be s(v). Calculate b(y).
-6
Let j(n) = 5*n + 29. Let d(u) = -2*u + 32. Let w be d(0). Let v = w - 37. Let b(m) = 3*m + 19. Let p(s) = v*j(s) + 8*b(s). Determine p(0).
7
Let w(k) be the third derivative of k**5/60 - k**4/2 + 25*k**3/6 - 801*k**2. What is w(7)?
-10
Let m(g) = -g**2 - 7*g + 15. Let b = 5303 - 5310. Determine m(b).
15
Let l(t) = t**2 + 784*t - 4. Let z(h) = h**2 + 916*h - 4. Let v(